a prime number?
False
Suppose 2*w - 18 = 2*b + 6, 0 = -5*w + 20. Is (470/b)/(4/(-16)) prime?
False
Suppose -2*v + 1438 = -4*o, -3*v - 5*o + 161 = -1996. Is v a prime number?
True
Is 6546 + ((-12)/4)/3 - -2 a prime number?
True
Suppose -3*u - 4*r = -0*u - 203, 0 = -5*u + r + 300. Let o = -8 + 12. Suppose o*i - 3*b - u = 0, 7*b + 37 = 3*i + 3*b. Is i a composite number?
False
Let f be (-1)/(-5) - (-624)/(-20). Let b = f - -62. Is b a prime number?
True
Is (-2002)/(-3) - 6/18 composite?
True
Let q(p) = -2*p - 8*p - 4 - 15*p + 5. Is q(-2) composite?
True
Let b be (-10)/10 - (-4546)/1. Suppose b = 5*w + 2*y, -11 = -2*y - 1. Is w prime?
True
Let m be 0/(6/(-9)*3). Let r be m*(-3)/(-9) - 1. Is (-21 - (0 + -2))*r prime?
True
Let z be 52/14 - (-10)/35. Suppose -y = -z + 1, -5*y = -3*n - 9. Suppose n*x = -0*x + 134. Is x prime?
True
Suppose -j - 158 = 2*g, -3*j = -2*j + 4. Let l = g + 128. Is l a prime number?
False
Suppose 0 = 3*m - 4*p + 528, 7*p + 880 = -5*m + 2*p. Let k = -119 - m. Is k a composite number?
True
Let h be 15/3*(-9)/(-5). Let p(v) = 10*v + 4. Is p(h) a prime number?
False
Is 52 - (0 + -1)*1 a composite number?
False
Is 19/(2272/(-758) - -3) prime?
False
Suppose 0 = -31*j + 24*j + 3787. Is j a prime number?
True
Suppose -2*j + 3*j - 893 = 0. Is j composite?
True
Suppose -2*v + 23 - 7 = -5*c, -4*c + 5*v - 23 = 0. Let m(u) = -10*u**3 + 2*u**2 - 1. Is m(c) composite?
True
Let r = 14 - 10. Suppose 5*z + v - 22 = 23, 0 = -r*z + 2*v + 50. Suppose z = -3*k + 67. Is k a prime number?
True
Suppose 4*m - 3 = -t - 0*t, 4*t + 2*m = 40. Is t*5 - (2 - 0) a prime number?
True
Suppose -5*x + 8 + 22 = 0. Suppose -x = -b - 2*b. Suppose b*g = -3*g + 165. Is g a composite number?
True
Let l(p) = 72*p**3 - p**2 + 3*p - 5. Is l(2) a prime number?
False
Let q = 32 + -19. Is q a prime number?
True
Suppose -5*t - 785 = -6*t. Is t a prime number?
False
Suppose -3*p + b + 227 = 0, p - 229 = -2*p + 2*b. Suppose s + p = 6*s. Is s a composite number?
True
Suppose -5*y + 3*r = -y + 49, 3*y + 39 = 3*r. Let v = y - -14. Suppose a - 67 = -v*t - 0*t, -5*t = 0. Is a composite?
False
Let x(r) = -r - 3. Let d be x(-7). Is (-6)/d*(-236)/6 prime?
True
Let h(b) = 5 + 3 - 122*b - 3. Is h(-3) a composite number?
True
Is 2/5 - (-226)/10 prime?
True
Let w(x) = x**3 + 11*x**2 + 3*x + 3. Let v be w(-9). Let f = 395 - v. Is f a prime number?
True
Suppose 0*p = -p - 48. Let k = p + 101. Is k composite?
False
Let p(k) = -k**3 + k**2 + 6*k - 2. Let l(c) = 0*c - 4*c**2 + 5*c**2 + 1 + c. Let n(d) = -5*l(d) - p(d). Is n(8) a prime number?
True
Suppose 28 = 3*s + 2*s + 4*b, -10 = -2*s - b. Suppose 0 = -s*u + 76 + 184. Suppose -2*v = -v - u. Is v prime?
False
Let u be -2 + 0/2 + 6. Suppose 5*i - u*z = -3*z + 32, 40 = 5*i - 5*z. Is 22/i - 4/6 prime?
True
Let i(s) = -s - 2. Let k be i(-4). Suppose 2 + 2 = k*c. Is 9/6 + 1/c composite?
False
Suppose 1500 = 2*c + 4*n - 9*n, c - 739 = -3*n. Is c composite?
True
Let m be (0 + -1 + -6)*-5. Suppose -4*f + m = f. Suppose 3*b = f + 2. Is b a composite number?
False
Suppose 3*y - 1627 = -2*c, 4*y - 3426 = -4*c - 162. Is c prime?
True
Suppose -5*c - 129 = -2854. Is c a composite number?
True
Suppose -2*x - 6*x = -27112. Is x a prime number?
True
Suppose -2*b - 4*v + 4 + 4 = 0, -5*b - 4*v + 20 = 0. Suppose 5*z = 5*l - 365, -5*l + 0*z + 361 = -b*z. Is l composite?
True
Let q = 2506 - 1617. Is q a composite number?
True
Let t be 4/10 + (-378)/(-30). Suppose 8*q = t*q - 970. Is q composite?
True
Let g(v) = -v**3 + 9*v**2 + 2*v + 1. Let t(x) = 2*x - 6. Let h be t(5). Let q(s) = -s**2 + 5*s. Let d be q(h). Is g(d) composite?
False
Let y be 20/(-3)*(-6)/(-4). Is (42/y)/(4/(-20)) composite?
True
Let a be 9/(-3) - 0 - -35. Suppose 5*h + 3*j - a = 0, -22 = -3*h - 3*j + 4*j. Is h prime?
True
Suppose -3*c + 2*c + 11 = 4*u, 5*u - c - 7 = 0. Suppose w - 32 = u*w. Let v = -18 - w. Is v a prime number?
False
Suppose 17 + 13 = 6*g. Suppose -g*v + v + 2212 = 0. Is v a composite number?
True
Let w = 5 + 0. Suppose -7*q - w*v = -2*q + 155, -118 = 4*q - 2*v. Let u = q + 95. Is u a prime number?
False
Let t = -619 + 910. Is t prime?
False
Suppose -3*r + y - 2*y = -1625, 5*r - y - 2703 = 0. Is r composite?
False
Suppose 0*j + 5*j = 1645. Is j a prime number?
False
Let h(k) be the second derivative of -13*k**4/24 + k**3/2 + 3*k**2/2 + 2*k. Let c(d) be the first derivative of h(d). Is c(-4) prime?
False
Let n = 893 + -221. Let k(u) = 32*u**2 + u - 1. Let r be k(6). Let b = r - n. Is b prime?
False
Let d(a) = a**3 - 11*a**2 + a - 15. Let b be d(11). Let g be (-56)/(-6)*(-12)/b. Suppose 2*m - 40 = g. Is m a prime number?
False
Suppose -12*u = -6*u - 48378. Is u a composite number?
True
Suppose -4*u = -2*u - 2278. Is u prime?
False
Suppose -22*d + 5444 = -18*d. Is d a prime number?
True
Let b(v) be the second derivative of v**3/3 - 5*v**2/2 + v. Let l be b(4). Suppose -12 = -i + l. Is i prime?
False
Let r(g) = -g - 18. Let h be r(-8). Is (h + -19)*(0 + -11) prime?
False
Let y(u) = 4*u - 3. Let c be y(2). Let f(x) = 26*x**2 - 2*x + 1. Let q be f(2). Suppose c*b - 2*p = q, -3*b + p + 66 = -2*p. Is b a prime number?
True
Let x(j) = -22*j + 9. Is x(-7) prime?
True
Let s = 844 + -345. Is s a composite number?
False
Is (-32)/(-144) - 10490/(-18) prime?
False
Suppose -5*h = 0, -o = -5*o + 4*h - 192. Let m = 5 - o. Is m composite?
False
Suppose -w + 5*j + 16 = 0, 4*j = w - 2*w + 16. Suppose 5*i = i + w. Is 39 - 1 - (i + -4) a prime number?
False
Let h = 7 - 14. Let j = h - -11. Let z(m) = 20*m - 1. Is z(j) a composite number?
False
Suppose 0*j - 3*j - 2*i + 6291 = 0, -j + 2096 = i. Is j a composite number?
False
Suppose 4*n = -0*n + 64. Let q(m) = n*m**2 + 4*m - 3 + 6*m - 13*m**2. Is q(-7) composite?
True
Suppose d + 0*d = 330. Suppose -10*f + 4*f = -d. Is f a prime number?
False
Let t be (4/(-7))/((-4)/14). Suppose -5*j - 86 = -t*k, -3*j = 2*k + 2*j - 86. Is k a composite number?
False
Suppose 0 = -k - 3*o + 756, 5*k + 4*o = o + 3756. Let n = -485 + k. Is n prime?
False
Let y = 93 - 72. Is y prime?
False
Let y(u) = -u**2 + 6*u - 4. Let p be y(6). Let r = 12 + p. Let s = r - 5. Is s a composite number?
False
Let w(g) = -2*g**3 + g**2 - g - 1. Let k(v) = -v**2 + 1. Let q(t) = 2*k(t) - w(t). Is q(3) a composite number?
True
Let k be 3/1 - (7 + -6). Suppose 4*c - 1561 = -3*r, -5*c - k*r + 1117 = -836. Is c composite?
True
Suppose 222 = q + q. Is q prime?
False
Suppose 6*w = 3*w - 15. Let j(k) = -2*k - 3. Is j(w) a composite number?
False
Suppose 2*l = -10 + 120. Is l a prime number?
False
Let t(l) = -l**2 + 8*l - 3. Let r be t(7). Let v(a) = 30*a**2 - 4*a + 3. Is v(r) prime?
True
Let n = 18 + -14. Is ((-138)/n + -1)*-2 composite?
False
Suppose 4*a + p - 195 = 6*p, 4*p = 5*a - 255. Is a a composite number?
True
Let f(b) = 48*b + 14. Is f(15) prime?
False
Let i(z) = 3*z + 7. Let p be i(-3). Is p/1 + 486/6 a prime number?
True
Let o = 773 - 1306. Let q = -18 - o. Is q composite?
True
Let c = 2020 + -1437. Is c a composite number?
True
Let w(a) = -4 + 4 + 3*a. Let j be w(1). Suppose -j*q - 2 + 14 = 0. Is q a composite number?
True
Is 120933/24 + ((-21)/24 - -1) a prime number?
True
Suppose -3*k + 4*k + 8 = -g, 5*k = 2*g - 68. Let x(c) = c**3 + 11*c**2 - 12*c + 2. Let w be x(k). Is -2 - (w - (129 - -2)) composite?
False
Suppose 0 = 6*j - j - 185. Is j composite?
False
Suppose -42 = -4*t + 478. Suppose 5*c - t = -5*h, 4*h = -3 + 15. Is c a composite number?
False
Let i(l) = 0*l**3 - 2*l**3 - 11*l**2 + 4 + 3*l + 15*l**2. Is i(-3) prime?
False
Suppose -3*z = -1810 - 1937. Is z prime?
True
Suppose -4*i - 14 + 62 = 0. Suppose z = 2*a + 12, 0 = -2*z + 2*a - i + 38. Is z a composite number?
True
Suppose 0 = -0*q + 5*q - 1265. Is q a prime number?
False
Suppose 0 = -3*s + 6*s - 3, 3*s = -p - 32. Suppose 2*j - 112 = -0*j. Let w = j + p. Is w a prime number?
False
Suppose -2*u - 5*n + 8 = -8*n, n - 4 = 4*u. Let x(t) = -3*t + 1 + 6*t - t**3 + 0*t + t**2. Is x(u) a composite number?
False
Let q be (2 + -1)*(455 + -1). Suppose 3*v = 596 + q. Is (-6)/(-9) - v/(-6) composite?
False
Let f be ((-1)/(-3))/((-3)/(-1665)). Suppose -f = -2*c + c. Is c a composite number?
True
Suppose 190 = -3*i + z + z, z - 250 = 4*i. Let o = 95 + i. Is o composite?
True
Let c be ((-50)/(-20))/(2/4). Suppose -3*z - 5*h + 102 = -1